at is the hundreds digit of 108981341?
3
What is the tens digit of 111637766?
6
What is the millions digit of 253376992?
3
What is the hundreds digit of 169026846?
8
What is the ten millions digit of 372515524?
7
What is the hundreds digit of 78844751?
7
What is the thousands digit of 358438326?
8
What is the tens digit of 1531427563?
6
What is the thousands digit of 471971285?
1
What is the ten thousands digit of 52892339?
9
What is the tens digit of 692210?
1
What is the units digit of 75094508?
8
What is the tens digit of 1860636288?
8
What is the ten thousands digit of 124162205?
6
What is the hundred millions digit of 255372753?
2
What is the tens digit of 251722958?
5
What is the thousands digit of 3584531?
4
What is the hundred thousands digit of 628118346?
1
What is the millions digit of 56133424?
6
What is the hundred thousands digit of 78632418?
6
What is the hundred millions digit of 1467498891?
4
What is the units digit of 7297452?
2
What is the millions digit of 3277268404?
7
What is the units digit of 792593652?
2
What is the hundred millions digit of 220958321?
2
What is the ten thousands digit of 22742413?
4
What is the millions digit of 3932827?
3
What is the hundreds digit of 962116882?
8
What is the tens digit of 46709038?
3
What is the millions digit of 7221504209?
1
What is the ten millions digit of 43311903?
4
What is the ten thousands digit of 298129495?
2
What is the hundreds digit of 71394646?
6
What is the ten millions digit of 39704600?
3
What is the hundred millions digit of 4133526693?
1
What is the ten thousands digit of 2024832626?
3
What is the billions digit of 3476055413?
3
What is the millions digit of 1734774667?
4
What is the ten thousands digit of 95418818?
1
What is the hundreds digit of 29076548?
5
What is the hundred thousands digit of 280800183?
8
What is the millions digit of 496635064?
6
What is the hundred thousands digit of 5399866?
3
What is the ten millions digit of 99105689?
9
What is the tens digit of 28389770?
7
What is the units digit of 355830796?
6
What is the hundred millions digit of 192450811?
1
What is the ten thousands digit of 197840780?
4
What is the ten millions digit of 532837939?
3
What is the hundred millions digit of 158405777?
1
What is the tens digit of 165001971?
7
What is the ten millions digit of 89818315?
8
What is the hundred millions digit of 1875072526?
8
What is the thousands digit of 1220664294?
4
What is the thousands digit of 355228726?
8
What is the ten millions digit of 1177746771?
7
What is the tens digit of 109347740?
4
What is the ten millions digit of 69291996?
6
What is the hundreds digit of 93847425?
4
What is the tens digit of 18061804?
0
What is the millions digit of 32789498?
2
What is the hundreds digit of 472109731?
7
What is the tens digit of 19250776?
7
What is the hundreds digit of 66044102?
1
What is the billions digit of 3484075475?
3
What is the units digit of 72573203?
3
What is the hundreds digit of 192053373?
3
What is the hundred thousands digit of 2041933564?
9
What is the hundreds digit of 7775178?
1
What is the thousands digit of 277930496?
0
What is the units digit of 101060043?
3
What is the tens digit of 1985588966?
6
What is the millions digit of 61546649?
1
What is the hundred thousands digit of 114960435?
9
What is the ten millions digit of 13693792?
1
What is the hundred thousands digit of 337568536?
5
What is the hundred thousands digit of 611726192?
7
What is the ten thousands digit of 2556624602?
2
What is the hundred thousands digit of 56562727?
5
What is the ten thousands digit of 68600011?
0
What is the hundreds digit of 3451013070?
0
What is the millions digit of 1566571654?
6
What is the ten millions digit of 972004386?
7
What is the hundred thousands digit of 13091488?
0
What is the ten millions digit of 108056560?
0
What is the millions digit of 1439082186?
9
What is the thousands digit of 88600944?
0
What is the hundred thousands digit of 16259280?
2
What is the hundred thousands digit of 2293883015?
8
What is the units digit of 1053298774?
4
What is the hundreds digit of 425003820?
8
What is the ten thousands digit of 126464654?
6
What is the thousands digit of 109261287?
1
What is the tens digit of 609866353?
5
What is the hundreds digit of 1699051008?
0
What is the ten thousands digit of 56635489?
3
What is the thousands digit of 197684843?
4
What is the ten thousands digit of 104841281?
4
What is the hundreds digit of 20241810?
8
What is the hundreds digit of 1503922667?
6
What is the billions digit of 1279387704?
1
What is the ten thousands digit of 129208438?
0
What is the hundred millions digit of 1663198382?
6
What is the thousands digit of 30795442?
5
What is the tens digit of 77418299?
9
What is the hundred millions digit of 756620657?
7
What is the units digit of 1953402088?
8
What is the hundreds digit of 861867171?
1
What is the hundred thousands digit of 5854874?
8
What is the millions digit of 132865054?
2
What is the ten thousands digit of 812026441?
2
What is the tens digit of 192652252?
5
What is the ten millions digit of 136276740?
3
What is the millions digit of 154601384?
4
What is the hundreds digit of 2211249?
2
What is the thousands digit of 18999274?
9
What is the tens digit of 1542814133?
3
What is the ten thousands digit of 73678162?
7
What is the units digit of 2322026?
6
What is the hundred millions digit of 1042667457?
0
What is the thousands digit of 63814366?
4
What is the ten thousands digit of 1116429827?
2
What is the ten millions digit of 26272463?
2
What is the ten thousands digit of 59082946?
8
What is the units digit of 906663387?
7
What is the millions digit of 94165082?
4
What is the hundred thousands digit of 5308489?
3
What is the hundred thousands digit of 722751592?
7
What is the tens digit of 1063556961?
6
What is the ten millions digit of 32310262?
3
What is the hundreds digit of 1524085969?
9
What is the hundred thousands digit of 33447578?
4
What is the hundred millions digit of 6679611206?
6
What is the ten thousands digit of 12253827?
5
What is the ten millions digit of 33775881?
3
What is the hundreds digit of 243422866?
8
What is the hundred millions digit of 201703455?
2
What is the tens digit of 62352983?
8
What is the units digit of 2137866652?
2
What is the tens digit of 8046452?
5
What is the hundred thousands digit of 1163219047?
2
What is the hundreds digit of 90022843?
8
What is the millions digit of 54624450?
4
What is the hundred millions digit of 5012358164?
0
What is the hundreds digit of 72794426?
4
What is the hundred thousands digit of 2261503848?
5
What is the units digit of 5768914850?
0
What is the millions digit of 1827034420?
7
What is the units digit of 448656292?
2
What is the ten thousands digit of 1190486948?
8
What is the units digit of 722246740?
0
What is the hundreds digit of 1576015791?
7
What is the hundreds digit of 28981994?
9
What is the hundred millions digit of 241036327?
2
What is the hundred thousands digit of 47191969?
1
What is the ten thousands digit of 195042895?
4
What is the units digit of 369838770?
0
What is the units digit of 149153966?
6
What is the tens digit of 340189946?
4
What is the tens digit of 760111493?
9
What is the units digit of 71980567?
7
What is the hundreds digit of 17696954?
9
What is the ten thousands digit of 60235680?
3
What is the hundred thousands digit of 647109?
6
What is the units digit of 934696192?
2
What is the billions digit of 1319387474?
1
What is the hundred thousands digit of 4598642?
5
What is the ten thousands digit of 390145120?
4
What is the hundred thousands digit of 88910380?
9
What is the tens digit of 91485948?
4
What is the hundreds digit of 241196842?
8
What is the ten thousands digit of 15406666?
0
What is the units digit of 15188722?
2
What is the hundred thousands digit of 75160502?
1
What is the hundred thousands digit of 19881310?
8
What is the ten millions digit of 187556162?
8
What is the thousands digit of 75488465?
8
What is the ten millions digit of 334640579?
3
What is the hundreds digit of 39107887?
8
What is the hundred thousands digit of 187645617?
6
What is the hundred millions digit of 445371812?
4
What is the millions digit of 310472766?
0
What is the units dig